[INFO] fetching crate nimiq-rpc-server 0.2.0...
[INFO] checking nimiq-rpc-server-0.2.0 against try#72f88fc4e9458f89516a0b8b0868f3718aec5b47 for pr-74989
[INFO] extracting crate nimiq-rpc-server 0.2.0 into /workspace/builds/worker-5/source
[INFO] validating manifest of crates.io crate nimiq-rpc-server 0.2.0 on toolchain 72f88fc4e9458f89516a0b8b0868f3718aec5b47
[INFO] running `Command { std: "/workspace/cargo-home/bin/cargo" "+72f88fc4e9458f89516a0b8b0868f3718aec5b47" "read-manifest" "--manifest-path" "Cargo.toml", kill_on_drop: false }`
[INFO] started tweaking crates.io crate nimiq-rpc-server 0.2.0
[INFO] finished tweaking crates.io crate nimiq-rpc-server 0.2.0
[INFO] tweaked toml for crates.io crate nimiq-rpc-server 0.2.0 written to /workspace/builds/worker-5/source/Cargo.toml
[INFO] running `Command { std: "/workspace/cargo-home/bin/cargo" "+72f88fc4e9458f89516a0b8b0868f3718aec5b47" "generate-lockfile" "--manifest-path" "Cargo.toml" "-Zno-index-update", kill_on_drop: false }`
[INFO] running `Command { std: "/workspace/cargo-home/bin/cargo" "+72f88fc4e9458f89516a0b8b0868f3718aec5b47" "fetch" "--locked" "--manifest-path" "Cargo.toml", kill_on_drop: false }`
[INFO] [stderr]  Downloading crates ...
[INFO] [stderr]   Downloaded input_buffer v0.2.0
[INFO] [stderr]   Downloaded json v0.11.15
[INFO] [stderr]   Downloaded nimiq-tree-primitives v0.2.0
[INFO] [stderr]   Downloaded atomic v0.4.6
[INFO] [stderr]   Downloaded lmdb-zero v0.4.4
[INFO] [stderr]   Downloaded tokio-dns-unofficial v0.3.1
[INFO] [stderr]   Downloaded nimiq-block-production v0.2.0
[INFO] [stderr]   Downloaded tokio-tungstenite v0.8.0
[INFO] [stderr]   Downloaded tk-listen v0.2.1
[INFO] [stderr]   Downloaded nimiq-accounts v0.2.0
[INFO] [stderr]   Downloaded nimiq-consensus v0.2.0
[INFO] [stderr]   Downloaded nimiq-network-primitives v0.2.0
[INFO] [stderr]   Downloaded tungstenite v0.8.1
[INFO] [stderr]   Downloaded nimiq-blockchain v0.2.0
[INFO] [stderr]   Downloaded nimiq-database v0.2.0
[INFO] [stderr]   Downloaded nimiq-network v0.2.0
[INFO] [stderr]   Downloaded weak-table v0.2.4
[INFO] [stderr]   Downloaded nimiq-mempool v0.2.0
[INFO] [stderr]   Downloaded nimiq-messages v0.2.0
[INFO] [stderr]   Downloaded nimiq-block v0.2.0
[INFO] [stderr]   Downloaded liblmdb-sys v0.2.2
[INFO] running `Command { std: "docker" "create" "-v" "/var/lib/crater-agent-workspace/builds/worker-5/target:/opt/rustwide/target:rw,Z" "-v" "/var/lib/crater-agent-workspace/builds/worker-5/source:/opt/rustwide/workdir:ro,Z" "-v" "/var/lib/crater-agent-workspace/cargo-home:/opt/rustwide/cargo-home:ro,Z" "-v" "/var/lib/crater-agent-workspace/rustup-home:/opt/rustwide/rustup-home:ro,Z" "-e" "SOURCE_DIR=/opt/rustwide/workdir" "-e" "CARGO_TARGET_DIR=/opt/rustwide/target" "-e" "CARGO_HOME=/opt/rustwide/cargo-home" "-e" "RUSTUP_HOME=/opt/rustwide/rustup-home" "-w" "/opt/rustwide/workdir" "-m" "1610612736" "--user" "0:0" "--network" "none" "rustops/crates-build-env@sha256:d92eaeed33fa75130ca1ee6c8a01d1ffb62bac859dfdfb3450e3e5d1c0146529" "/opt/rustwide/cargo-home/bin/cargo" "+72f88fc4e9458f89516a0b8b0868f3718aec5b47" "metadata" "--no-deps" "--format-version=1", kill_on_drop: false }`
[INFO] [stdout] b408ed5ca57c86b95c693a20002a277e6f5f7c52e7b0522cb9816010b7cbe6d6
[INFO] [stderr] WARNING: Your kernel does not support swap limit capabilities or the cgroup is not mounted. Memory limited without swap.
[INFO] running `Command { std: "docker" "start" "-a" "b408ed5ca57c86b95c693a20002a277e6f5f7c52e7b0522cb9816010b7cbe6d6", kill_on_drop: false }`
[INFO] running `Command { std: "docker" "inspect" "b408ed5ca57c86b95c693a20002a277e6f5f7c52e7b0522cb9816010b7cbe6d6", kill_on_drop: false }`
[INFO] running `Command { std: "docker" "rm" "-f" "b408ed5ca57c86b95c693a20002a277e6f5f7c52e7b0522cb9816010b7cbe6d6", kill_on_drop: false }`
[INFO] [stdout] b408ed5ca57c86b95c693a20002a277e6f5f7c52e7b0522cb9816010b7cbe6d6
[INFO] running `Command { std: "docker" "create" "-v" "/var/lib/crater-agent-workspace/builds/worker-5/target:/opt/rustwide/target:rw,Z" "-v" "/var/lib/crater-agent-workspace/builds/worker-5/source:/opt/rustwide/workdir:ro,Z" "-v" "/var/lib/crater-agent-workspace/cargo-home:/opt/rustwide/cargo-home:ro,Z" "-v" "/var/lib/crater-agent-workspace/rustup-home:/opt/rustwide/rustup-home:ro,Z" "-e" "SOURCE_DIR=/opt/rustwide/workdir" "-e" "CARGO_TARGET_DIR=/opt/rustwide/target" "-e" "CARGO_INCREMENTAL=0" "-e" "RUST_BACKTRACE=full" "-e" "RUSTFLAGS=--cap-lints=forbid" "-e" "CARGO_HOME=/opt/rustwide/cargo-home" "-e" "RUSTUP_HOME=/opt/rustwide/rustup-home" "-w" "/opt/rustwide/workdir" "-m" "1610612736" "--user" "0:0" "--network" "none" "rustops/crates-build-env@sha256:d92eaeed33fa75130ca1ee6c8a01d1ffb62bac859dfdfb3450e3e5d1c0146529" "/opt/rustwide/cargo-home/bin/cargo" "+72f88fc4e9458f89516a0b8b0868f3718aec5b47" "check" "--frozen" "--all" "--all-targets" "--message-format=json", kill_on_drop: false }`
[INFO] [stderr] WARNING: Your kernel does not support swap limit capabilities or the cgroup is not mounted. Memory limited without swap.
[INFO] [stdout] faacdeb84a8457eaa80826311446e6ad599e7a539bf9c40ae8a08011d505471a
[INFO] running `Command { std: "docker" "start" "-a" "faacdeb84a8457eaa80826311446e6ad599e7a539bf9c40ae8a08011d505471a", kill_on_drop: false }`
[INFO] [stderr]    Compiling byteorder v1.3.4
[INFO] [stderr]    Compiling version_check v0.9.2
[INFO] [stderr]    Compiling getrandom v0.1.15
[INFO] [stderr]    Compiling proc-macro2 v0.4.30
[INFO] [stderr]    Compiling arrayvec v0.4.12
[INFO] [stderr]    Compiling unicode-xid v0.1.0
[INFO] [stderr]     Checking nodrop v0.1.14
[INFO] [stderr]     Checking stable_deref_trait v1.2.0
[INFO] [stderr]    Compiling syn v0.15.44
[INFO] [stderr]    Compiling subtle v2.3.0
[INFO] [stderr]     Checking nimiq-macros v0.2.0
[INFO] [stderr]    Compiling unicode-xid v0.0.4
[INFO] [stderr]     Checking scopeguard v0.3.3
[INFO] [stderr]     Checking ppv-lite86 v0.2.9
[INFO] [stderr]    Compiling quote v0.3.15
[INFO] [stderr]     Checking cpuid-bool v0.1.2
[INFO] [stderr]     Checking signature v1.2.2
[INFO] [stderr]     Checking opaque-debug v0.3.0
[INFO] [stderr]     Checking nimiq-collections v0.2.0
[INFO] [stderr]     Checking bit-vec v0.5.1
[INFO] [stderr]    Compiling gcc v0.3.55
[INFO] [stderr]     Checking remove_dir_all v0.5.3
[INFO] [stderr]     Checking percent-encoding v2.1.0
[INFO] [stderr]     Checking regex-syntax v0.6.18
[INFO] [stderr]    Compiling crc32fast v1.2.0
[INFO] [stderr]    Compiling encoding_rs v0.8.24
[INFO] [stderr]     Checking utf-8 v0.7.5
[INFO] [stderr]     Checking weak-table v0.2.4
[INFO] [stdout] error[E0599]: no function or associated item named `into_raw_non_null` found for struct `Box<_>` in the current scope
[INFO] [stdout]    --> /opt/rustwide/cargo-home/registry/src/github.com-1ecc6299db9ec823/nimiq-collections-0.2.0/src/linked_list.rs:141:34
[INFO] [stdout]     |
[INFO] [stdout] 141 |             let node = Some(Box::into_raw_non_null(node));
[INFO] [stdout]     |                                  ^^^^^^^^^^^^^^^^^ function or associated item not found in `Box<_>`
[INFO] [stdout] 
[INFO] [stdout] 
[INFO] [stdout] error[E0599]: no function or associated item named `into_raw_non_null` found for struct `Box<_>` in the current scope
[INFO] [stdout]    --> /opt/rustwide/cargo-home/registry/src/github.com-1ecc6299db9ec823/nimiq-collections-0.2.0/src/linked_list.rs:176:34
[INFO] [stdout]     |
[INFO] [stdout] 176 |             let node = Some(Box::into_raw_non_null(node));
[INFO] [stdout]     |                                  ^^^^^^^^^^^^^^^^^ function or associated item not found in `Box<_>`
[INFO] [stdout] 
[INFO] [stdout] 
[INFO] [stdout] error[E0599]: no function or associated item named `into_raw_non_null` found for struct `Box<_>` in the current scope
[INFO] [stdout]    --> /opt/rustwide/cargo-home/registry/src/github.com-1ecc6299db9ec823/nimiq-collections-0.2.0/src/linked_list.rs:914:38
[INFO] [stdout]     |
[INFO] [stdout] 914 |                 let node = Some(Box::into_raw_non_null(Box::new(Node {
[INFO] [stdout]     |                                      ^^^^^^^^^^^^^^^^^ function or associated item not found in `Box<_>`
[INFO] [stdout] 
[INFO] [stdout] 
[INFO] [stdout] error: aborting due to 3 previous errors
[INFO] [stdout] 
[INFO] [stdout] 
[INFO] [stdout] For more information about this error, try `rustc --explain E0599`.
[INFO] [stdout] 
[INFO] [stderr] error: could not compile `nimiq-collections`.
[INFO] [stderr] 
[INFO] [stderr] To learn more, run the command again with --verbose.
[INFO] [stderr] warning: build failed, waiting for other jobs to finish...
[INFO] [stderr] error: build failed
[INFO] running `Command { std: "docker" "inspect" "faacdeb84a8457eaa80826311446e6ad599e7a539bf9c40ae8a08011d505471a", kill_on_drop: false }`
[INFO] running `Command { std: "docker" "rm" "-f" "faacdeb84a8457eaa80826311446e6ad599e7a539bf9c40ae8a08011d505471a", kill_on_drop: false }`
[INFO] [stdout] faacdeb84a8457eaa80826311446e6ad599e7a539bf9c40ae8a08011d505471a
